e remainder when 77 is divided by m?
17
Let c = 110 + -54. Let h be (15/(-5) + 6)*1 + 1. Calculate the remainder when c is divided by 2 + (h - (-8 + -3)).
5
Let n = -1008 + 1561. Suppose 3*a - 10*a = -n. What is the remainder when 246 is divided by a?
9
Let x = -24 - -63. Let u(w) = w**3 + 12*w**2 - 123*w - 1240. Calculate the remainder when u(-13) is divided by x.
34
Let g = 41 + 57. Let q = -141 + g. Let o = q - -59. Calculate the remainder when o is divided by 9.
7
Let q(a) = 2*a**2 - 9*a - 31. Let k be q(7). Let c = 1 + k. What is the remainder when 28 is divided by c?
3
Let r = -662 - -1152. Suppose -7*y = r + 511. Let k = -80 - y. Calculate the remainder when k is divided by 16.
15
Suppose 8*b - 15 = 913. What is the remainder when b is divided by -3 + 45 + (-1 - 4) + 3?
36
Let c(r) = -29549*r - 59058. Let m(n) = -3 + 0*n + 25*n - 3. Calculate the remainder when m(5) is divided by c(-2).
39
Suppose -r + 4*r = 219. Suppose 0 = 7*j - 30*j + 529. Calculate the remainder when r is divided by j.
4
Suppose -1500 = 2835*t - 2855*t. Calculate the remainder when 709 is divided by t.
34
Suppose -3*o + 118 + 116 = 0. Let h(j) = -o*j**3 - 3*j**2 + j + 2*j**2 + 99*j**3. Calculate the remainder when 165 is divided by h(1).
18
Let d(b) = -7*b - 51. Let i be d(-8). Suppose 8*v + i*v - 481 = 0. Calculate the remainder when 110 is divided by v.
36
Let i = -356 - -114. Let j = i - -262. What is the remainder when 90 is divided by j?
10
Let n = -2189 - -2605. Let o = -402 + n. Calculate the remainder when (-95)/(-1) + (-1)/(-1) is divided by o.
12
Suppose -3*l + 6*x = -2*l - 26, 3*x + 25 = 2*l. Calculate the remainder when 604 is divided by l.
4
Suppose -101635 = -61*t + 25123. What is the remainder when t is divided by 27?
26
Let s = 192 - 69. Let n be 2/(-8) + s/(-4). Let o = n + 54. Calculate the remainder when o is divided by 7.
2
Let x = -15551 + 15646. What is the remainder when 3976 is divided by x?
81
Suppose -5*l - l = -60. Let w be (-25)/3*(-18)/l. Calculate the remainder when 47 is divided by ((4/2)/(-2) - w)*-1.
15
Let p(b) = -b**3 + 5*b**2 - 3*b. Let o be p(4). Let r(h) = 5*h**2 - 8*h + 10. Suppose 180 = -8*l + 23*l. Calculate the remainder when r(o) is divided by l.
10
Let x = -7159 + 7202. Calculate the remainder when x is divided by (-16)/6*18/(-4).
7
Suppose 5*v - 2*m - 389 = -21, 2*m - 2 = 0. Let k = 255 + 434. Calculate the remainder when v is divided by k/26 + -7 + (-5)/(-2).
8
Suppose 17*g = 9*g + 9*g. Suppose g*n - 72 = -3*n. What is the remainder when n is divided by 5?
4
Let t(o) = -7 + 2*o - 2*o + 9 - 6*o. Calculate the remainder when t(-3) is divided by 12.
8
Let t(g) = 27*g - 12. Suppose 6*l - 27 + 9 = 0. Let s be t(l). Suppose -15 = -7*x + s. What is the remainder when 71 is divided by x?
11
Suppose o - 7 = -2*c, -5*o - 2*c + 14 = c. Let n be (-8)/2 - 84/o. Let w = 52 - n. Calculate the remainder when w is divided by 47.
46
What is the remainder when -4 - (1/(-3) + 0)/((-80)/(-637680)) is divided by 56?
21
Let n be (87/(-3))/((-6)/(99 + 3)). Let y = 495 - n. Calculate the remainder when 29 is divided by y.
1
Suppose 0 = -3*x - 8*x + 88. Suppose -37 = x*s - 157. Calculate the remainder when s is divided by 11.
4
Let u be -1*2*(-79)/2. Let f = -31 + u. Calculate the remainder when 89 is divided by f.
41
Let w be 5*(3/1 - (7 - 2)). Let o(p) = -p**3 - 9*p**2 + 10*p + 39. Let u(j) = -j**2 - 6*j + 3. What is the remainder when o(w) is divided by u(-4)?
6
Let m = -363 + 440. What is the remainder when 276 is divided by m?
45
Suppose 7*y - 58 = 39 + 78. What is the remainder when 782 is divided by y?
7
Let v(j) = 86*j + 1. Let h be v(-1). Suppose -5*c - 111 = m, -3 = m + c + 112. Let k = h - m. What is the remainder when 60 is divided by k?
29
Suppose -5*s - 9 = 2*m, 3*m - 8*s - 24 = -3*s. Suppose 0*z = m*z + 3*r - 93, 5*r - 59 = -2*z. What is the remainder when z is divided by 20?
12
Let a = 7152 - 7076. Suppose -n + 5 = -6. What is the remainder when a is divided by n?
10
Calculate the remainder when (-482922)/(-567) + 10/(-14) is divided by 150.
101
Calculate the remainder when (108/378 - 30/7) + 3891 is divided by 162.
161
Let q(a) = -a**3 - 8*a**2 + 4*a - 5. Let m = -195 + 186. Calculate the remainder when q(m) is divided by 15.
10
Let n(y) = 3*y**3 - y**2 + 2*y + 1. Let c be n(3). Let u = 112 - c. Suppose 7 = -u*l + 34*l. Calculate the remainder when 7 is divided by l.
0
Let g(w) = 29*w - 358. Let d = 79 - 40. What is the remainder when g(17) is divided by d?
18
Let g = 18607 - 15256. Calculate the remainder when g is divided by 46.
39
Suppose 10*v = 6*v - w + 21792, v + 3*w = 5437. What is the remainder when v is divided by 94?
91
Let y(p) = -10*p - 245. Calculate the remainder when 297 is divided by y(-26).
12
Let q = 1 + -7. Suppose -11*t + 9416 = 11*t. What is the remainder when (t/q)/((-4)/6) is divided by 36?
35
Suppose 2*b + 2*z = b + 33, 0 = -4*b - 5*z + 123. Suppose 3 + 87 = -5*v. Let g = 96 + v. Calculate the remainder when g is divided by b.
24
Let m = -532 + 567. Calculate the remainder when 335 is divided by m.
20
Suppose -2*n = q - 65, 5*q + 4*n + 146 - 471 = 0. What is the remainder when 327 is divided by q?
2
Let k = -46 - -1451. What is the remainder when k is divided by 37?
36
Suppose -72*l + 29503 - 2431 = 0. What is the remainder when l is divided by 29/(-4)*4/(-1)?
28
Suppose 3*c - b + 18 = 122, 3*c - 89 = -2*b. Let l be (-6)/(-5)*(-15)/6. Let x = c + l. Calculate the remainder when 209 is divided by x.
29
Let s be 5*(-9)/(315/(-2828)). Let v = -381 + s. Calculate the remainder when 0 + 0 - 134/(-2) is divided by v.
21
Let t = 7128 + -7116. What is the remainder when t is divided by 5?
2
Suppose -x - 171 = 349. What is the remainder when ((-2)/4)/(20/x) is divided by 4?
1
Suppose 26*t - 6022 - 132 = 3414. Calculate the remainder when t is divided by 360.
8
Let s = 50 + 3. Let u(g) = g**2 + 3*g + 9. Let j be u(3). Suppose -4*n = -s - j. Calculate the remainder when n is divided by 8.
4
Suppose 59*k - 816 = 47*k. What is the remainder when k is divided by (-360)/(-16)*(-8)/(-10)?
14
Let t be 0/((-7)/((-28)/8))*-1. Suppose 4*j - 2*j + 466 = t. What is the remainder when 6/(-24) - j/4 is divided by 20?
18
Suppose -57*s + 568 = -55*s. What is the remainder when s is divided by 116?
52
Let o = 930 + -919. Let y(l) = l**3 - 14*l**2 + 42. Calculate the remainder when y(14) is divided by o.
9
Let v = -7 - 33. Let j = 43 + v. Suppose -j*f - 12*f + 2265 = 0. Calculate the remainder when f is divided by 38.
37
Let v = 3566 - 3365. Calculate the remainder when 667 is divided by v.
64
Suppose -59 - 49 = -16*z + 148. Calculate the remainder when 9787 is divided by z.
11
Suppose 310 - 1012 = 3*r. Let h = r - -278. Calculate the remainder when 216 is divided by h.
40
Let u(i) be the first derivative of i**4/4 + 6*i**3 + 15*i**2/2 + 3*i - 12. What is the remainder when u(-17) is divided by (39/(-9))/(1/(-3))?
11
Suppose 0 = -9*y + 11*y. Let g = 14 - 2. Suppose 0 = -y*x - g*x + 552. Calculate the remainder when 89 is divided by x.
43
Suppose -3*g - q + 149 = -45, -524 = -8*g - 4*q. What is the remainder when 563 is divided by g?
59
Let s(w) be the first derivative of -5*w**2/2 + 108*w - 115. What is the remainder when 292 is divided by s(15)?
28
Let v(c) = c + 7. Let h be v(0). Suppose f - 287 = q, 916 - 27 = 3*f + 4*q. What is the remainder when 66 is divided by f/21 - (-1)/h?
10
Let l(b) = -14*b - 142. Calculate the remainder when 34 is divided by l(-11).
10
Suppose 56*a - 1044 = -372. Let k be 5 + (-3 + 2 - -1). Suppose w = k*w - 84. Calculate the remainder when w is divided by a.
9
Let f = -14095 - -15329. Calculate the remainder when f is divided by 211.
179
Let j(w) = -421*w + 6376. Calculate the remainder when j(-13) is divided by 75.
74
Let x be (-15622)/(-1971) + 2/27. What is the remainder when 0 + x - (-1280)/20 is divided by 25?
22
Suppose 103 + 17 = 6*q. Let s be (-1)/(-10)*4 - 8/q. Suppose s = -36*m + 40*m - 900. Calculate the remainder when m is divided by 19.
16
Let k(c) = 5*c - 2. What is the remainder when k(10) is divided by (68 + 4)/(-24)*(-34)/6?
14
Let d(x) = -x - 60. Let f be d(0). Let a = f - -84. Suppose -2*n + a = -p, 3*p = 2*n + n - 30. What is the remainder when n is divided by 3?
2
Let g(z) = z**